{"id":7455,"date":"2020-04-22T09:53:26","date_gmt":"2020-04-22T07:53:26","guid":{"rendered":"https:\/\/formation.sesan.fr\/ortif\/?page_id=7455"},"modified":"2021-04-15T11:24:24","modified_gmt":"2021-04-15T09:24:24","slug":"covid-19","status":"publish","type":"page","link":"https:\/\/preprod-formation.sesan.fr\/ortif\/covid-19\/","title":{"rendered":"COVID-19"},"content":{"rendered":"<p>Pour vous accompagner dans la prise en main de la solution ORTIF et notamment des fonctionnalit\u00e9s d\u00e9di\u00e9es \u00e0 la gestion de la crise COVID-19, le GIP SESAN met \u00e0 votre disposition de nouveaux supports de formation :<br \/>\n<center><\/center><\/p>\n<h4 style=\"text-align: center; padding: 5px; border: 2px solid #A42888; width: 300px;\"><strong>Pour tous les professionnels de sant\u00e9<br \/>\n<\/strong><\/h4>\n<p>&nbsp;<\/p>\n<h5><strong>Tutoriels :<\/strong><\/h5>\n<ul>\n<li>Utilisation de la t\u00e9l\u00e9consultation directe patient par le professionnel m\u00e9dical (<a href=\"https:\/\/formation.sesan.fr\/ortif\/exercices\/teleconsultation-directe-patient\/\" target=\"_blank\" rel=\"noopener\">ICI<\/a>) ou la secr\u00e9taire m\u00e9dicale (<a href=\"https:\/\/formation.sesan.fr\/ortif\/exercices\/teleconsultation-directe-profil-secretaire-medicale\/\" target=\"_blank\" rel=\"noopener\">ICI<\/a>)<\/li>\n<li>Envoi d&rsquo;une demande de t\u00e9l\u00e9expertise adapt\u00e9e au COVID-19 (<a href=\"https:\/\/formation.sesan.fr\/ortif\/exercices\/avis-covid-19\/\" target=\"_blank\" rel=\"noopener\">ICI<\/a>)<\/li>\n<\/ul>\n<h5><strong>Formations \u00e0 distance :<\/strong><\/h5>\n<ul>\n<li>Inscrivez-vous aux formations \u00e0 distance disponibles <a href=\"https:\/\/formation.sesan.fr\/ortif\/agenda\/categories\/sessions-de-formation-en-ligne\/\" target=\"_blank\" rel=\"noopener\">ICI<\/a><\/li>\n<\/ul>\n<p>&nbsp;<\/p>\n<p>&nbsp;<\/p>\n<h4 style=\"text-align: center; padding: 5px; border: 2px solid #A42888; width: 300px;\"><strong>Pour les \u00e9tablissements sociaux et m\u00e9dico-sociaux<\/strong><\/h4>\n<p>&nbsp;<\/p>\n<h5><strong>Tutoriels :<\/strong><\/h5>\n<ul>\n<li>Utilisation de la visio par les ESMS (<a href=\"https:\/\/formation.sesan.fr\/ortif\/exercices\/ehpad-acces-visioconference-samu-2\/\" target=\"_blank\" rel=\"noopener\">ICI<\/a>)<\/li>\n<li>Utilisation de la visio par le SAMU\/Fili\u00e8res g\u00e9riatriques (<a href=\"https:\/\/formation.sesan.fr\/ortif\/exercices\/samu-acces-a-la-visioconference-avec-un-ehpad\/\" target=\"_blank\" rel=\"noopener\">ICI<\/a>)<\/li>\n<\/ul>\n<h5><strong>Formations \u00e0 distance :<\/strong><\/h5>\n<ul>\n<li>Inscrivez-vous aux formations \u00e0 distance disponibles <a href=\"https:\/\/formation.sesan.fr\/ortif\/agenda\/categories\/sessions-de-formation-en-ligne\/\" target=\"_blank\" rel=\"noopener\">ICI<\/a><\/li>\n<\/ul>\n<h5><strong>Webinaires de pr\u00e9sentation :<\/strong><\/h5>\n<ul>\n<li>Inscrivez-vous aux webinaires de pr\u00e9sentation ORTIF disponibles <a href=\"https:\/\/formation.sesan.fr\/ortif\/agenda\/categories\/webinaires-de-presentation\/\" target=\"_blank\" rel=\"noopener\">ICI<\/a><\/li>\n<\/ul>\n<p>&nbsp;<\/p>\n<p>&nbsp;<\/p>\n<h4 style=\"text-align: center; padding: 5px; border: 2px solid #A42888; width: 300px;\"><strong>Pour les patients<\/strong><\/h4>\n<p>&nbsp;<\/p>\n<h5><strong>Tutoriels :<\/strong><\/h5>\n<ul>\n<li>Utilisation de la t\u00e9l\u00e9consultation directe patient par le patient (<a href=\"https:\/\/formation.sesan.fr\/ortif\/exercices\/teleconsultation-directe-smartphone-patient\/\" target=\"_blank\" rel=\"noopener\">ICI<\/a>)<\/li>\n<\/ul>\n<p>&nbsp;<\/p>\n<p class=\"blue\">Le support technique ACETIAM est joignable 24h\/24 :<br \/>\n&#8211; pour les professionnels m\u00e9dicaux au 09 70 09 52 80 ou par mail \u00e0 support-ortif@acetiam.eu<br \/>\n&#8211; pour les patients au 09 70 09 52 89<\/p>\n<p class=\"blue\">Pour toute information compl\u00e9mentaire, l&rsquo;\u00e9quipe ORTIF reste joignable par mail \u00e0 ortif@sesan.fr<\/p>\n","protected":false},"excerpt":{"rendered":"<p>Pour vous accompagner dans la prise en main de la solution ORTIF et notamment des fonctionnalit\u00e9s d\u00e9di\u00e9es \u00e0 la gestion de la crise COVID-19, le GIP SESAN met \u00e0 votre [&hellip;]<\/p>\n","protected":false},"author":33,"featured_media":0,"parent":0,"menu_order":0,"comment_status":"closed","ping_status":"closed","template":"","meta":{"_acf_changed":false,"footnotes":""},"class_list":["post-7455","page","type-page","status-publish","hentry"],"acf":[],"publishpress_future_action":{"enabled":false,"date":"2026-05-06 02:25:02","action":"change-status","newStatus":"draft","terms":[],"taxonomy":"","extraData":[]},"publishpress_future_workflow_manual_trigger":{"enabledWorkflows":[]},"_links":{"self":[{"href":"https:\/\/preprod-formation.sesan.fr\/ortif\/wp-json\/wp\/v2\/pages\/7455","targetHints":{"allow":["GET"]}}],"collection":[{"href":"https:\/\/preprod-formation.sesan.fr\/ortif\/wp-json\/wp\/v2\/pages"}],"about":[{"href":"https:\/\/preprod-formation.sesan.fr\/ortif\/wp-json\/wp\/v2\/types\/page"}],"author":[{"embeddable":true,"href":"https:\/\/preprod-formation.sesan.fr\/ortif\/wp-json\/wp\/v2\/users\/33"}],"replies":[{"embeddable":true,"href":"https:\/\/preprod-formation.sesan.fr\/ortif\/wp-json\/wp\/v2\/comments?post=7455"}],"version-history":[{"count":52,"href":"https:\/\/preprod-formation.sesan.fr\/ortif\/wp-json\/wp\/v2\/pages\/7455\/revisions"}],"predecessor-version":[{"id":12544,"href":"https:\/\/preprod-formation.sesan.fr\/ortif\/wp-json\/wp\/v2\/pages\/7455\/revisions\/12544"}],"wp:attachment":[{"href":"https:\/\/preprod-formation.sesan.fr\/ortif\/wp-json\/wp\/v2\/media?parent=7455"}],"curies":[{"name":"wp","href":"https:\/\/api.w.org\/{rel}","templated":true}]}}

<p>Pour vous accompagner dans la prise en main de la solution ORTIF et notamment des fonctionnalités dédiées à la gestion de la crise COVID-19, le GIP SESAN met à votre disposition de nouveaux supports de formation :<br />
<center></center></p>
<h4 style="text-align: center; padding: 5px; border: 2px solid #A42888; width: 300px;"><strong>Pour tous les professionnels de santé<br />
</strong></h4>
<p>&nbsp;</p>
<h5><strong>Tutoriels :</strong></h5>
<ul>
<li>Utilisation de la téléconsultation directe patient par le professionnel médical (<a href="https://formation.sesan.fr/ortif/exercices/teleconsultation-directe-patient/" target="_blank" rel="noopener">ICI</a>) ou la secrétaire médicale (<a href="https://formation.sesan.fr/ortif/exercices/teleconsultation-directe-profil-secretaire-medicale/" target="_blank" rel="noopener">ICI</a>)</li>
<li>Envoi d&rsquo;une demande de téléexpertise adaptée au COVID-19 (<a href="https://formation.sesan.fr/ortif/exercices/avis-covid-19/" target="_blank" rel="noopener">ICI</a>)</li>
</ul>
<h5><strong>Formations à distance :</strong></h5>
<ul>
<li>Inscrivez-vous aux formations à distance disponibles <a href="https://formation.sesan.fr/ortif/agenda/categories/sessions-de-formation-en-ligne/" target="_blank" rel="noopener">ICI</a></li>
</ul>
<p>&nbsp;</p>
<p>&nbsp;</p>
<h4 style="text-align: center; padding: 5px; border: 2px solid #A42888; width: 300px;"><strong>Pour les établissements sociaux et médico-sociaux</strong></h4>
<p>&nbsp;</p>
<h5><strong>Tutoriels :</strong></h5>
<ul>
<li>Utilisation de la visio par les ESMS (<a href="https://formation.sesan.fr/ortif/exercices/ehpad-acces-visioconference-samu-2/" target="_blank" rel="noopener">ICI</a>)</li>
<li>Utilisation de la visio par le SAMU/Filières gériatriques (<a href="https://formation.sesan.fr/ortif/exercices/samu-acces-a-la-visioconference-avec-un-ehpad/" target="_blank" rel="noopener">ICI</a>)</li>
</ul>
<h5><strong>Formations à distance :</strong></h5>
<ul>
<li>Inscrivez-vous aux formations à distance disponibles <a href="https://formation.sesan.fr/ortif/agenda/categories/sessions-de-formation-en-ligne/" target="_blank" rel="noopener">ICI</a></li>
</ul>
<h5><strong>Webinaires de présentation :</strong></h5>
<ul>
<li>Inscrivez-vous aux webinaires de présentation ORTIF disponibles <a href="https://formation.sesan.fr/ortif/agenda/categories/webinaires-de-presentation/" target="_blank" rel="noopener">ICI</a></li>
</ul>
<p>&nbsp;</p>
<p>&nbsp;</p>
<h4 style="text-align: center; padding: 5px; border: 2px solid #A42888; width: 300px;"><strong>Pour les patients</strong></h4>
<p>&nbsp;</p>
<h5><strong>Tutoriels :</strong></h5>
<ul>
<li>Utilisation de la téléconsultation directe patient par le patient (<a href="https://formation.sesan.fr/ortif/exercices/teleconsultation-directe-smartphone-patient/" target="_blank" rel="noopener">ICI</a>)</li>
</ul>
<p>&nbsp;</p>
<p class="blue">Le support technique ACETIAM est joignable 24h/24 :<br />
&#8211; pour les professionnels médicaux au 09 70 09 52 80 ou par mail à support-ortif@acetiam.eu<br />
&#8211; pour les patients au 09 70 09 52 89</p>
<p class="blue">Pour toute information complémentaire, l&rsquo;équipe ORTIF reste joignable par mail à ortif@sesan.fr</p>

<p>Pour vous accompagner dans la prise en main de la solution ORTIF et notamment des fonctionnalités dédiées à la gestion de la crise COVID-19, le GIP SESAN met à votre [&hellip;]</p>
