{"id":2680,"date":"2024-02-14T09:53:08","date_gmt":"2024-02-14T08:53:08","guid":{"rendered":"https:\/\/formation.sesan.fr\/via-trajectoire\/?page_id=2680"},"modified":"2024-02-22T07:00:02","modified_gmt":"2024-02-22T06:00:02","slug":"usp","status":"publish","type":"page","link":"https:\/\/preprod-formation.sesan.fr\/via-trajectoire\/usp\/","title":{"rendered":"Unit\u00e9 de Soins Palliatifs (USP)"},"content":{"rendered":"<h2>Vous exercez en Unit\u00e9 de Soins Palliatifs ?<\/h2>\n<p>D\u00e9couvrez les tutoriels \u00e0 votre disposition :<\/p>\n<ul>\n<li><a href=\"https:\/\/formation.sesan.fr\/via-trajectoire\/exercices\/viatrajectoire-receveurs-usp-presentation-generale-et-prerequis-contexte-des-soins-palliatifs-webinaire\/\" target=\"_blank\" rel=\"noopener\">Replay d&rsquo;un webinaire : Pr\u00e9sentation g\u00e9n\u00e9rale et pr\u00e9requis de ViaTrajectoire<\/a><\/li>\n<li><a href=\"https:\/\/formation.sesan.fr\/via-trajectoire\/exercices\/viatrajectoire-receveur-usp-contexte\/\" target=\"_blank\" rel=\"noopener\">Tutoriel pr\u00e9sentant le contexte<\/a><\/li>\n<li><a href=\"https:\/\/formation.sesan.fr\/via-trajectoire\/exercices\/viatrajectoire-receveur-usp-creation-de-compte\/\" target=\"_blank\" rel=\"noopener\">Tutoriel pr\u00e9sentant comment cr\u00e9er un compte sur ViaTrajectoire<\/a><\/li>\n<li><a href=\"https:\/\/formation.sesan.fr\/via-trajectoire\/exercices\/viatrajectoire-receveur-usp-exploitation-des-donnees\/\" target=\"_blank\" rel=\"noopener\">Tutoriel pr\u00e9sentant comment exploiter les donn\u00e9es fournies par ViaTrajectoire<\/a><\/li>\n<\/ul>\n<h2>Vous \u00eates M\u00e9decin Lib\u00e9ral ?<\/h2>\n<p>D\u00e9couvrez les tutoriels \u00e0 votre disposition :<\/p>\n<ul>\n<li><a href=\"https:\/\/formation.sesan.fr\/via-trajectoire\/exercices\/viatrajectoire-prescripteur-medecins-liberaux-vers-les-usp-contexte\/\" target=\"_blank\" rel=\"noopener\">Tutoriel pr\u00e9sentant le contexte<\/a><\/li>\n<li><a href=\"https:\/\/formation.sesan.fr\/via-trajectoire\/exercices\/viatrajectoire-prescripteur-medecins-liberaux-vers-les-usp-tableaux-de-bord\/\" target=\"_blank\" rel=\"noopener\">Tutoriel vous pr\u00e9sentant votre tableau de bord ViaTrajectoire<\/a><\/li>\n<li><a href=\"https:\/\/formation.sesan.fr\/via-trajectoire\/exercices\/viatrajectoire-prescripteur-medecins-liberaux-vers-les-usp-exploitation-des-donnees\/\" target=\"_blank\" rel=\"noopener\">Tutoriel pr\u00e9sentant comment exploiter les donn\u00e9es fournies par ViaTrajectoire<\/a><\/li>\n<\/ul>\n<h2>Vous exercez au sein d&rsquo;un DAC ?<\/h2>\n<p>D\u00e9couvrez les tutoriels \u00e0 votre disposition :<\/p>\n<ul>\n<li><a href=\"https:\/\/formation.sesan.fr\/via-trajectoire\/exercices\/viatrajectoire-prescripteur-dac-vers-les-usp-contexte\/\" target=\"_blank\" rel=\"noopener\">Tutoriel pr\u00e9sentant le contexte<\/a><\/li>\n<li><a href=\"https:\/\/formation.sesan.fr\/via-trajectoire\/exercices\/viatrajectoire-prescripteur-dac-vers-les-usp-creation-de-compte\/\" target=\"_blank\" rel=\"noopener\">Tutoriel pr\u00e9sentant comment cr\u00e9er un compte sur ViaTrajectoire<\/a><\/li>\n<li><a href=\"https:\/\/formation.sesan.fr\/via-trajectoire\/exercices\/viatrajectoire-prescripteur-dac-vers-les-usp-tableau-de-bord\/\" target=\"_blank\" rel=\"noopener\">Tutoriel vous pr\u00e9sentant votre tableau de bord ViaTrajectoire<\/a><\/li>\n<li><a href=\"https:\/\/formation.sesan.fr\/via-trajectoire\/exercices\/viatrajectoire-prescripteur-dac-vers-les-usp-exploitation-des-donnees\/\" target=\"_blank\" rel=\"noopener\">Tutoriel pr\u00e9sentant comment exploiter les donn\u00e9es fournies par ViaTrajectoire<\/a><\/li>\n<li><a href=\"https:\/\/formation.sesan.fr\/via-trajectoire\/exercices\/replay-webinaire-viatrajectoire-prescipteurs-dac-vers-des-usp-approfondissement\/\" target=\"_blank\" rel=\"noopener\">Replay d&rsquo;un Webinaire \u2013 ViaTrajectoire Prescipteurs DAC vers des USP \u2013 Approfondissement<\/a><\/li>\n<\/ul>\n<h2>Vous exercez au sein d&rsquo;un EHPAD ?<\/h2>\n<p>D\u00e9couvrez les tutoriels \u00e0 votre disposition :<\/p>\n<ul>\n<li><a href=\"https:\/\/formation.sesan.fr\/via-trajectoire\/exercices\/viatrajectoire-prescripteur-ehpad-vers-les-usp-contexte\/\" target=\"_blank\" rel=\"noopener\">Tutoriel pr\u00e9sentant le contexte<\/a><\/li>\n<li><a href=\"https:\/\/formation.sesan.fr\/via-trajectoire\/exercices\/viatrajectoire-prescripteur-ehpad-vers-les-usp-tableaux-de-bord\/\" target=\"_blank\" rel=\"noopener\">Tutoriel vous pr\u00e9sentant votre tableau de bord ViaTrajectoire<\/a><\/li>\n<li><a href=\"https:\/\/formation.sesan.fr\/via-trajectoire\/exercices\/viatrajectoire-prescripteur-ehpad-vers-les-usp-exploitation-des-donnees\/\" target=\"_blank\" rel=\"noopener\">Tutoriel pr\u00e9sentant comment exploiter les donn\u00e9es fournies par ViaTrajectoire<\/a><\/li>\n<\/ul>\n<h2>Vous exercez au sein d&rsquo;un \u00e9tablissement sanitaire (MCO\/ SMR) ou d&rsquo;une HAD ?<\/h2>\n<p>D\u00e9couvrez les tutoriels \u00e0 votre disposition :<\/p>\n<ul>\n<li><a href=\"https:\/\/formation.sesan.fr\/via-trajectoire\/exercices\/viatrajectoire-prescripteur-mco-sme-had-vers-les-usp-contexte\/\" target=\"_blank\" rel=\"noopener\">Tutoriel pr\u00e9sentant le contexte<\/a><\/li>\n<li><a href=\"https:\/\/formation.sesan.fr\/via-trajectoire\/exercices\/viatrajectoire-prescripteur-mco-smr-had-vers-les-usp-creation-de-compte\/\" target=\"_blank\" rel=\"noopener\">Tutoriel pr\u00e9sentant comment cr\u00e9er un compte sur ViaTrajectoire<\/a><\/li>\n<li><a href=\"https:\/\/formation.sesan.fr\/via-trajectoire\/exercices\/viatrajectoire-prescripteur-mco-smr-had-vers-les-usp-tableaux-de-bord\/\" target=\"_blank\" rel=\"noopener\">Tutoriel vous pr\u00e9sentant votre tableau de bord ViaTrajectoire<\/a><\/li>\n<li><a href=\"https:\/\/formation.sesan.fr\/via-trajectoire\/exercices\/viatrajectoire-prescripteur-mco-smr-had-vers-les-usp-exploitation-des-donnees\/\" target=\"_blank\" rel=\"noopener\">Tutoriel pr\u00e9sentant comment exploiter les donn\u00e9es fournies par ViaTrajectoire<\/a><\/li>\n<\/ul>\n","protected":false},"excerpt":{"rendered":"<p>Vous exercez en Unit\u00e9 de Soins Palliatifs ? D\u00e9couvrez les tutoriels \u00e0 votre disposition : Replay d&rsquo;un webinaire : Pr\u00e9sentation g\u00e9n\u00e9rale et pr\u00e9requis de ViaTrajectoire Tutoriel pr\u00e9sentant le contexte Tutoriel [&hellip;]<\/p>\n","protected":false},"author":129,"featured_media":0,"parent":0,"menu_order":0,"comment_status":"closed","ping_status":"closed","template":"","meta":{"_acf_changed":false,"footnotes":""},"class_list":["post-2680","page","type-page","status-publish","hentry"],"acf":[],"publishpress_future_action":{"enabled":false,"date":"2026-05-05 12:00:57","action":"change-status","newStatus":"draft","terms":[],"taxonomy":"","extraData":[]},"publishpress_future_workflow_manual_trigger":{"enabledWorkflows":[]},"_links":{"self":[{"href":"https:\/\/preprod-formation.sesan.fr\/via-trajectoire\/wp-json\/wp\/v2\/pages\/2680","targetHints":{"allow":["GET"]}}],"collection":[{"href":"https:\/\/preprod-formation.sesan.fr\/via-trajectoire\/wp-json\/wp\/v2\/pages"}],"about":[{"href":"https:\/\/preprod-formation.sesan.fr\/via-trajectoire\/wp-json\/wp\/v2\/types\/page"}],"author":[{"embeddable":true,"href":"https:\/\/preprod-formation.sesan.fr\/via-trajectoire\/wp-json\/wp\/v2\/users\/129"}],"replies":[{"embeddable":true,"href":"https:\/\/preprod-formation.sesan.fr\/via-trajectoire\/wp-json\/wp\/v2\/comments?post=2680"}],"version-history":[{"count":14,"href":"https:\/\/preprod-formation.sesan.fr\/via-trajectoire\/wp-json\/wp\/v2\/pages\/2680\/revisions"}],"predecessor-version":[{"id":2691,"href":"https:\/\/preprod-formation.sesan.fr\/via-trajectoire\/wp-json\/wp\/v2\/pages\/2680\/revisions\/2691"}],"wp:attachment":[{"href":"https:\/\/preprod-formation.sesan.fr\/via-trajectoire\/wp-json\/wp\/v2\/media?parent=2680"}],"curies":[{"name":"wp","href":"https:\/\/api.w.org\/{rel}","templated":true}]}}